{"id":939,"date":"2020-06-02T12:38:49","date_gmt":"2020-06-02T10:38:49","guid":{"rendered":"https:\/\/wp.kommunikation-mv.de\/?page_id=939"},"modified":"2025-05-11T12:27:36","modified_gmt":"2025-05-11T10:27:36","slug":"die-startseite","status":"publish","type":"page","link":"https:\/\/kommunikation-mv.de\/","title":{"rendered":"Die Startseite"},"content":{"rendered":"<h1><\/h1>\n<p><strong><span style=\"font-size: 24pt;\"><span style=\"font-family: arial, helvetica, sans-serif;\">Was ist <\/span><span style=\"font-family: arial, helvetica, sans-serif;\">Unterst\u00fctzte Kommunikation?<\/span><\/span><\/strong><\/p>\n<p><span style=\"font-family: arial, helvetica, sans-serif; font-size: 14pt;\">Unter Unterst\u00fctzter Kommunikation versteht man alle p\u00e4dagogischen oder therapeutischen Ma\u00dfnahmen, die zur Erweiterung der kommunikativen M\u00f6glichkeiten von Menschen beitragen, die nicht, nur wenig oder nur unter M\u00fchen die Lautsprache nutzen k\u00f6nnen. <\/span><br \/>\n<span style=\"font-family: arial, helvetica, sans-serif; font-size: 14pt;\">Die Kommunikationsmittel umfassen k\u00f6rpereigene Formen wie Gestik, Mimik und Geb\u00e4rden, nicht elektronische Hilfsmittel wie Kommunikationstafeln und Bildkarten. und elektronische Hilfsmittel, insbesondere Sprachausgabeger\u00e4te aber auch Hilfsmittel zur Steuerung des Umfeldes<\/span><br \/>\n<span style=\"font-family: arial, helvetica, sans-serif; font-size: 14pt;\">UK kann Menschen jeden Alters, die von Geburt an oder aufgrund einer erworbenen Beeintr\u00e4chtigung nicht (mehr) sprechen k\u00f6nnen, eine Stimme geben.<\/span><\/p>\n","protected":false},"excerpt":{"rendered":"<p>Was ist Unterst\u00fctzte Kommunikation? Unter Unterst\u00fctzter Kommunikation versteht man alle p\u00e4dagogischen oder therapeutischen Ma\u00dfnahmen, die zur Erweiterung der kommunikativen M\u00f6glichkeiten von Menschen beitragen, die nicht, nur wenig oder nur unter M\u00fchen die Lautsprache nutzen k\u00f6nnen. Die Kommunikationsmittel umfassen k\u00f6rpereigene Formen wie Gestik, Mimik und Geb\u00e4rden, nicht elektronische Hilfsmittel wie Kommunikationstafeln und Bildkarten. und elektronische Hilfsmittel, [&hellip;]<\/p>\n","protected":false},"author":1,"featured_media":0,"parent":0,"menu_order":0,"comment_status":"closed","ping_status":"closed","template":"","meta":{"_themeisle_gutenberg_block_has_review":false,"footnotes":""},"class_list":["post-939","page","type-page","status-publish","hentry"],"_links":{"self":[{"href":"https:\/\/kommunikation-mv.de\/index.php?rest_route=\/wp\/v2\/pages\/939","targetHints":{"allow":["GET"]}}],"collection":[{"href":"https:\/\/kommunikation-mv.de\/index.php?rest_route=\/wp\/v2\/pages"}],"about":[{"href":"https:\/\/kommunikation-mv.de\/index.php?rest_route=\/wp\/v2\/types\/page"}],"author":[{"embeddable":true,"href":"https:\/\/kommunikation-mv.de\/index.php?rest_route=\/wp\/v2\/users\/1"}],"replies":[{"embeddable":true,"href":"https:\/\/kommunikation-mv.de\/index.php?rest_route=%2Fwp%2Fv2%2Fcomments&post=939"}],"version-history":[{"count":67,"href":"https:\/\/kommunikation-mv.de\/index.php?rest_route=\/wp\/v2\/pages\/939\/revisions"}],"predecessor-version":[{"id":1825,"href":"https:\/\/kommunikation-mv.de\/index.php?rest_route=\/wp\/v2\/pages\/939\/revisions\/1825"}],"wp:attachment":[{"href":"https:\/\/kommunikation-mv.de\/index.php?rest_route=%2Fwp%2Fv2%2Fmedia&parent=939"}],"curies":[{"name":"wp","href":"https:\/\/api.w.org\/{rel}","templated":true}]}}